[INFO] cloning repository https://github.com/alex-karo/rust-test
[INFO] running `Command { std: "git" "-c" "credential.helper=" "-c" "credential.helper=/workspace/cargo-home/bin/git-credential-null" "clone" "--bare" "https://github.com/alex-karo/rust-test" "/workspace/cache/git-repos/https%3A%2F%2Fgithub.com%2Falex-karo%2Frust-test", kill_on_drop: false }`
[INFO] [stderr] Cloning into bare repository '/workspace/cache/git-repos/https%3A%2F%2Fgithub.com%2Falex-karo%2Frust-test'...
[INFO] running `Command { std: "git" "rev-parse" "HEAD", kill_on_drop: false }`
[INFO] [stdout] 709e5574836ec13f469365d8c66dea2336c80732
[INFO] checking alex-karo/rust-test against master#cfbc6d4cf1acbac5c025acf8ed68929caa551df3 for pr-75494-beta
[INFO] running `Command { std: "git" "clone" "/workspace/cache/git-repos/https%3A%2F%2Fgithub.com%2Falex-karo%2Frust-test" "/workspace/builds/worker-7/source", kill_on_drop: false }`
[INFO] [stderr] Cloning into '/workspace/builds/worker-7/source'...
[INFO] [stderr] done.
[INFO] validating manifest of git repo https://github.com/alex-karo/rust-test on toolchain cfbc6d4cf1acbac5c025acf8ed68929caa551df3
[INFO] running `Command { std: "/workspace/cargo-home/bin/cargo" "+cfbc6d4cf1acbac5c025acf8ed68929caa551df3" "read-manifest" "--manifest-path" "Cargo.toml", kill_on_drop: false }`
[INFO] started tweaking git repo https://github.com/alex-karo/rust-test
[INFO] finished tweaking git repo https://github.com/alex-karo/rust-test
[INFO] tweaked toml for git repo https://github.com/alex-karo/rust-test written to /workspace/builds/worker-7/source/Cargo.toml
[INFO] crate git repo https://github.com/alex-karo/rust-test already has a lockfile, it will not be regenerated
[INFO] running `Command { std: "/workspace/cargo-home/bin/cargo" "+cfbc6d4cf1acbac5c025acf8ed68929caa551df3" "fetch" "--locked" "--manifest-path" "Cargo.toml", kill_on_drop: false }`
[INFO] running `Command { std: "docker" "create" "-v" "/var/lib/crater-agent-workspace/builds/worker-7/target:/opt/rustwide/target:rw,Z" "-v" "/var/lib/crater-agent-workspace/builds/worker-7/source:/opt/rustwide/workdir:ro,Z" "-v" "/var/lib/crater-agent-workspace/cargo-home:/opt/rustwide/cargo-home:ro,Z" "-v" "/var/lib/crater-agent-workspace/rustup-home:/opt/rustwide/rustup-home:ro,Z" "-e" "SOURCE_DIR=/opt/rustwide/workdir" "-e" "CARGO_TARGET_DIR=/opt/rustwide/target" "-e" "CARGO_HOME=/opt/rustwide/cargo-home" "-e" "RUSTUP_HOME=/opt/rustwide/rustup-home" "-w" "/opt/rustwide/workdir" "-m" "1610612736" "--user" "0:0" "--network" "none" "rustops/crates-build-env@sha256:a636fd89d022f18117e1dc8fb37a0a009933cdbbe082814857f0e2024962d47c" "/opt/rustwide/cargo-home/bin/cargo" "+cfbc6d4cf1acbac5c025acf8ed68929caa551df3" "metadata" "--no-deps" "--format-version=1", kill_on_drop: false }`
[INFO] [stdout] 4f191d638de1a2416b816e5c135292635fd46c6336273bbaa8c21563c1455d67
[INFO] [stderr] WARNING: Your kernel does not support swap limit capabilities or the cgroup is not mounted. Memory limited without swap.
[INFO] running `Command { std: "docker" "start" "-a" "4f191d638de1a2416b816e5c135292635fd46c6336273bbaa8c21563c1455d67", kill_on_drop: false }`
[INFO] running `Command { std: "docker" "inspect" "4f191d638de1a2416b816e5c135292635fd46c6336273bbaa8c21563c1455d67", kill_on_drop: false }`
[INFO] running `Command { std: "docker" "rm" "-f" "4f191d638de1a2416b816e5c135292635fd46c6336273bbaa8c21563c1455d67", kill_on_drop: false }`
[INFO] [stdout] 4f191d638de1a2416b816e5c135292635fd46c6336273bbaa8c21563c1455d67
[INFO] running `Command { std: "docker" "create" "-v" "/var/lib/crater-agent-workspace/builds/worker-7/target:/opt/rustwide/target:rw,Z" "-v" "/var/lib/crater-agent-workspace/builds/worker-7/source:/opt/rustwide/workdir:ro,Z" "-v" "/var/lib/crater-agent-workspace/cargo-home:/opt/rustwide/cargo-home:ro,Z" "-v" "/var/lib/crater-agent-workspace/rustup-home:/opt/rustwide/rustup-home:ro,Z" "-e" "SOURCE_DIR=/opt/rustwide/workdir" "-e" "CARGO_TARGET_DIR=/opt/rustwide/target" "-e" "CARGO_INCREMENTAL=0" "-e" "RUST_BACKTRACE=full" "-e" "RUSTFLAGS=--cap-lints=forbid" "-e" "CARGO_HOME=/opt/rustwide/cargo-home" "-e" "RUSTUP_HOME=/opt/rustwide/rustup-home" "-w" "/opt/rustwide/workdir" "-m" "1610612736" "--user" "0:0" "--network" "none" "rustops/crates-build-env@sha256:a636fd89d022f18117e1dc8fb37a0a009933cdbbe082814857f0e2024962d47c" "/opt/rustwide/cargo-home/bin/cargo" "+cfbc6d4cf1acbac5c025acf8ed68929caa551df3" "check" "--frozen" "--all" "--all-targets" "--message-format=json", kill_on_drop: false }`
[INFO] [stdout] 85ffe5e8c825cd251c3263470e2b806ed541cd93f94a310f049aac4fc25a91ba
[INFO] [stderr] WARNING: Your kernel does not support swap limit capabilities or the cgroup is not mounted. Memory limited without swap.
[INFO] running `Command { std: "docker" "start" "-a" "85ffe5e8c825cd251c3263470e2b806ed541cd93f94a310f049aac4fc25a91ba", kill_on_drop: false }`
[INFO] [stderr]     Checking rust-test v0.1.0 (/opt/rustwide/workdir)
[INFO] [stdout] error[E0308]: mismatched types
[INFO] [stdout]   --> src/main.rs:70:27
[INFO] [stdout]    |
[INFO] [stdout] 70 |               Some(node) => {
[INFO] [stdout]    |  ___________________________^
[INFO] [stdout] 71 | |
[INFO] [stdout] 72 | |             },
[INFO] [stdout]    | |_____________^ expected enum `std::option::Option`, found `()`
[INFO] [stdout]    |
[INFO] [stdout]    = note:   expected enum `std::option::Option<T>`
[INFO] [stdout]            found unit type `()`
[INFO] [stdout] 
[INFO] [stdout] 
[INFO] [stdout] error[E0308]: mismatched types
[INFO] [stdout]   --> src/main.rs:70:27
[INFO] [stdout]    |
[INFO] [stdout] 70 |               Some(node) => {
[INFO] [stdout]    |  ___________________________^
[INFO] [stdout] 71 | |
[INFO] [stdout] 72 | |             },
[INFO] [stdout]    | |_____________^ expected enum `std::option::Option`, found `()`
[INFO] [stdout]    |
[INFO] [stdout]    = note:   expected enum `std::option::Option<T>`
[INFO] [stdout]            found unit type `()`
[INFO] [stdout] 
[INFO] [stdout] 
[INFO] [stdout] error[E0308]: mismatched types
[INFO] [stdout]   --> src/main.rs:74:29
[INFO] [stdout]    |
[INFO] [stdout] 74 |                 self.curr = &self.head;
[INFO] [stdout]    |                             ^^^^^^^^^^
[INFO] [stdout]    |                             |
[INFO] [stdout]    |                             expected enum `std::option::Option`, found reference
[INFO] [stdout]    |                             help: consider removing the borrow: `self.head`
[INFO] [stdout]    |
[INFO] [stdout]    = note:   expected enum `std::option::Option<std::boxed::Box<Node<T>>>`
[INFO] [stdout]            found reference `&std::option::Option<std::boxed::Box<Node<T>>>`
[INFO] [stdout] 
[INFO] [stdout] 
[INFO] [stdout] error[E0308]: mismatched types
[INFO] [stdout]   --> src/main.rs:74:29
[INFO] [stdout]    |
[INFO] [stdout] 74 |                 self.curr = &self.head;
[INFO] [stdout]    |                             ^^^^^^^^^^
[INFO] [stdout]    |                             |
[INFO] [stdout]    |                             expected enum `std::option::Option`, found reference
[INFO] [stdout]    |                             help: consider removing the borrow: `self.head`
[INFO] [stdout]    |
[INFO] [stdout]    = note:   expected enum `std::option::Option<std::boxed::Box<Node<T>>>`
[INFO] [stdout]            found reference `&std::option::Option<std::boxed::Box<Node<T>>>`
[INFO] [stdout] 
[INFO] [stdout] 
[INFO] [stdout] error[E0308]: mismatched types
[INFO] [stdout]   --> src/main.rs:73:21
[INFO] [stdout]    |
[INFO] [stdout] 73 |               None => {
[INFO] [stdout]    |  _____________________^
[INFO] [stdout] 74 | |                 self.curr = &self.head;
[INFO] [stdout] 75 | |             }
[INFO] [stdout]    | |_____________^ expected enum `std::option::Option`, found `()`
[INFO] [stdout]    |
[INFO] [stdout]    = note:   expected enum `std::option::Option<T>`
[INFO] [stdout]            found unit type `()`
[INFO] [stdout] 
[INFO] [stdout] 
[INFO] [stdout] error: aborting due to 3 previous errors
[INFO] [stdout] 
[INFO] [stdout] 
[INFO] [stdout] For more information about this error, try `rustc --explain E0308`.
[INFO] [stdout] 
[INFO] [stdout] error[E0308]: mismatched types
[INFO] [stdout]   --> src/main.rs:73:21
[INFO] [stdout]    |
[INFO] [stdout] 73 |               None => {
[INFO] [stdout]    |  _____________________^
[INFO] [stdout] 74 | |                 self.curr = &self.head;
[INFO] [stdout] 75 | |             }
[INFO] [stdout]    | |_____________^ expected enum `std::option::Option`, found `()`
[INFO] [stdout]    |
[INFO] [stdout]    = note:   expected enum `std::option::Option<T>`
[INFO] [stdout]            found unit type `()`
[INFO] [stdout] 
[INFO] [stdout] 
[INFO] [stderr] error: could not compile `rust-test`.
[INFO] [stderr] 
[INFO] [stderr] To learn more, run the command again with --verbose.
[INFO] [stderr] warning: build failed, waiting for other jobs to finish...
[INFO] [stdout] error: aborting due to 3 previous errors
[INFO] [stdout] 
[INFO] [stdout] 
[INFO] [stdout] For more information about this error, try `rustc --explain E0308`.
[INFO] [stdout] 
[INFO] [stderr] error: build failed
[INFO] running `Command { std: "docker" "inspect" "85ffe5e8c825cd251c3263470e2b806ed541cd93f94a310f049aac4fc25a91ba", kill_on_drop: false }`
[INFO] running `Command { std: "docker" "rm" "-f" "85ffe5e8c825cd251c3263470e2b806ed541cd93f94a310f049aac4fc25a91ba", kill_on_drop: false }`
[INFO] [stdout] 85ffe5e8c825cd251c3263470e2b806ed541cd93f94a310f049aac4fc25a91ba
